-4 + (0 - -4) - 2)
-1
Evaluate (2 - (1 - 1)) + (-3 - 2).
-3
What is (-8 + 24 - 13) + (-11 - -2)?
-6
What is the value of (3 - 0 - 0) + (-4 - -3)?
2
What is the value of -17 - (-13 - (-5 + 2))?
-7
What is the value of (-15 + 20 - (4 + 0)) + 0?
1
1 - (0 - (0 + -7))
-6
What is the value of 0 + (-8 - (3 + (-2 - 8)))?
-1
What is -3 + (-7 - -10 - -8)?
8
What is 0 + (4 - (-4 - (3 + -8)))?
3
-7 + 2 + (0 - (-2 + 0))
-3
Evaluate 4 + -6 - -6 - -1.
5
7 - (-1 + -2 - -12)
-2
Evaluate (1 - (-1 - -3)) + -1 - 1.
-3
What is -34 + 38 - ((-1 - -2) + -2)?
5
What is -5 - (0 + (-5 - -1))?
-1
What is (4 - (0 - -1)) + (-3 - -1)?
1
6 + -1 - (-15 + 7 + 11)
2
Calculate -1 + -4 + 10 - 6.
-1
7 - (2 - (2 + -5 + 1))
3
6 + 0 - 3 - (5 + 0)
-2
What is 2 - (-4 + 10) - -7 - 2?
1
What is -13 - (-12 + -6 + 0 + 11)?
-6
70 + -90 - (-1 + -10)
-9
Evaluate -9 + 2 - (20 + -27).
0
What is (-6 - -17) + (0 - 8)?
3
What is (-10 - (-5 + 1)) + 3 + 6?
3
4 - 9 - -1 - -7
3
What is the value of (-4 - (8 + -1 + -4)) + 2?
-5
What is -3 + 1 - (2 - (6 + 0))?
2
(2 - (-4 - -9 - 1)) + 2
0
Evaluate (-1 - -3) + -4 + 5.
3
Calculate -1 + -2 + (1 - -5) + -2.
1
What is the value of -2 - (-7 - -3 - 0) - 3?
-1
(0 + 0 - 6) + (3 - 3)
-6
What is the value of 1 + -10 + 4 + 3 + -2?
-4
-16 + 18 - (-1 + (3 - 0))
0
What is -1 - (-2 - 0) - (0 - 2)?
3
Evaluate -4 - (-1 - (-7 + 17)).
7
Evaluate (51 - 49) + (1 - (-1 - -1)).
3
0 + (2 - (-4 - (-6 - 5)))
-5
What is (3 - -2) + -5 + -3 - 1?
-4
Evaluate -4 + 4 + 3 - (0 + 7).
-4
Calculate 11 - (-9 + (9 - -3)).
8
Calculate -3 - 0 - ((9 - 7) + -4).
-1
What is the value of 5 + -4 + 0 - -4?
5
3 + (-6 - -3 - 5)
-5
What is 0 + -7 - (90 + -91)?
-6
Evaluate 2 - 4 - ((-1 - -3) + 0).
-4
Evaluate 11 + -15 - (-2 - (7 + -4)).
1
Evaluate -193 - -198 - ((0 - 0) + 12).
-7
What is -12 + 11 + 4 + 0?
3
What is 23 + -15 + -3 + 0?
5
Calculate (-1 - (3 - -3)) + (-1 - -6).
-2
Evaluate 3 + (8 - 3 - 8).
0
Evaluate -8 - (3 + -16 + 8).
-3
(-3 - (-3 + -3)) + -3
0
What is the value of (-14 - -25) + 0 + -8?
3
Calculate -3 + (-6 - (-1 - 1)) + 2.
-5
(-17 - -3 - -13) + 10
9
Calculate -4 + 1 + (-1 + 6 - 3).
-1
What is (-2 - 8) + -16 + 25?
-1
Calculate 12 + -3 + (-4 - 0).
5
Calculate 10 + -2 - (-27 + 33).
2
Evaluate -8 + 0 + 7 - (4 - 3).
-2
Calculate (5 - -2) + -9 - -2.
0
Evaluate 11 + (-4 - 12) + 11.
6
(-5 - -2) + 0 + 3 + -3
-3
What is 0 - -8 - (-67 - -75) - -2?
2
Evaluate (-2 - -5) + -12 + 20 + -10.
1
Calculate 0 - -1 - (2 - 4).
3
Calculate -2 + (6 - 0) + -10 + 8.
2
What is the value of 0 - -11 - (-88 + 99)?
0
Calculate (4 - -1) + -8 - -7.
4
What is 1 + (1 - -2 - -1)?
5
Calculate -5 + 5 - (-18 - -21).
-3
4 + 4 + (-4 - (3 + -5))
6
Evaluate (2 + -4 - -1) + (3 - -4).
6
What is -7 - -8 - (7 + -1)?
-5
What is the value of (-4 - -4) + 1 + -1 - -4?
4
What is the value of 4 + -1 + (-6 - (1 + -4))?
0
Calculate -28 + 34 + -7 + 0 + 10.
9
Evaluate (6 - 4) + 1 + -3 - -1.
1
Calculate -4 - (-2 - (1 + 4 + -1)).
2
4 + 7 + -4 - (5 + -1)
3
6 + 1 + (134 - 138)
3
What is 3 + 2 + -5 + 0?
0
Calculate -4 + 0 + (5 - 7) + 3.
-3
What is the value of 0 + (2 + -1 - (-9 + 7))?
3
What is 4 + -1 + 9 + (4 - 14)?
2
What is the value of 5 - (4 + -5 + 1)?
5
-4 + (-6 + 13 - 20) + 7
-10
-1 + (1 - -2) + -4
-2
0 + -2 - (3 - (3 - 3))
-5
What is (-7 - -4) + 0 + 2 + 1?
0
Calculate (-1 + 3 - (-4 - -6)) + -4.
-4
-8 + 19 + (-7 - -2)
6
Calculate 2 + (4 - 3) + -2 + 3.
4
Evaluate (-6 - 1) + 2 + (-1 - -5).
-1
(0 - -3) + (-2 - (-1 - -7))
-5
Evaluate -7 + (4 - (5 - 5)).
-3
Evaluate -6 - 1 - (-20 + 20 + -16).
9
Evaluate (-11 - 1) + 9 - 3.
-6
What is the value of 1 + (-2 - -1) + -6 + 4?
-2
Calculate 14 + -7 - (6 - (-16 + 7)).
-8
What is the value of -23 + 20 + 7 + -2?
2
-3 + (-3 - 1 - -9) + -1
1
What is the value of -2 + (4 - (5 - -2)) + 4?
-1
What is (17 - (10 + 0)) + -5 + 0?
2
3 - (0 + (-4 - -3))
4
-5 + 0 + 3 - (9 + -14)
3
What is 0 + 3 + 3 + -2 + 1?
5
Calculate (-5 - 2) + (2 + 0 - -2).
-3
Evaluate -4 + 2 + (2 - (3 - 8)).
5
Calculate (-5 - (-16 + 6)) + -6.
-1
Calculate -3 + (-3 - -8) + -1.
1
Evaluate (-5 - -4) + (-1 - -4).
2
What is 60 + -57 - (4 + -1)?
0
Calculate (0 - 8) + 6 + (16 - 22).
-8
What is the value of -4 + (-2 - -3 - (5 + -4))?
-4
10 - (17 + -2) - -4
-1
Calculate -1 - ((-4 - 0) + -27 + 31).
-1
3 + -4 + 2 + (4 - 3)
2
Calculate (119 - 110) + 2 + -10.
1
What is the value of 23 + -18 + 1 + -7?
-1
14 + -8 - (1 - -3)
2
What is (-37 - -34) + 1 + 0?
-2
(-1 - 0) + (3 - 3)
-1
What is the value of 0 + -3 + 2 + 2?
1
Calculate (2 - 0) + -8 - (-97 - -95).
-4
What is -1 + -7 + 22 + 12 + -25?
1
Evaluate 0 + 11 + -9 + (1 - 1).
2
What is the value of 5 + -2 + 4 + (-5 - -2)?
4
Evaluate -10 - -28 - 10 - 2.
6
0 - (-3 + 6 - (1 - 1))
-3
Evaluate 10 - (0 - (-5 + -8)).
-3
Evaluate 1 - -2 - (18 + -7) - -3.
-5
What is (-1 - -3 - 3) + -1?
-2
What is the value of 0 + 2 + 0 + 3?
5
What is 0 + (-7 - -3) - 6?
-10
What is 8 + -2 - (20 + -13)?
-1
Evaluate -4 + 5 + -9 + (-4 - -3).
-9
What is the value of (0 - (2 + 0)) + 4?
2
What is the value of 8 + (-13 - 4) + 5?
-4
What is -8 + 3 - (-7 + 1)?
1
Calculate -1 + -1 + 12 + -6 + -3.
1
What is (0 - -3) + -10 + 5?
-2
(-1 - -6) + (4 - -5) + -10
4
What is the value of 1 + -2 + -3 + 3 + -3?
-4
Calculate 0 + -15 + 10 - 2.
-7
-1 - (-4 + -2 + 4)
1
-1 - (1 + -8 + 3 + 0)
3
What is (0 - (5 - 0)) + (-3 - -5)?
-3
What is 3 + -1 - -1 - -5 - 3?
5
Calculate -3 + 1 - 4 - (5 + -7).
-4
What is the value of -32 + 30 - (-1 - 4)?
3
What is the value of 5 - (-4 + (19 - 5))?
-5
Calculate 4 + (3 - 9) - (-17 + 11).
4
3 + -3 - (1 + 4 + 0)
-5
What is (2 - -8) + -1 + 0 + -4?
5
-11 - ((0 - (-3 + 5)) + -3)
-6
Evaluate 7 - (10 - 8 - -4).
1
-4 + -4 - 0 - -8
0
Calculate 12 + 0 - (-29 + 49).
-8
What is 0 - (-5 - 1) - (2 - -2)?
2
(2 - 0) + -2 + -2 - -1
-1
(1 + -2 - 12) + 20
7
Evaluate 3 + 8 + -12 - (-11 + 0).
10
-3 - (2 - (2 - 2 - -3))
-2
-4 + 10 + -3 + -1 + 2
4
What is the value of (1 + -4 - -2) + 23 + -23?
-1
Calculate 1 - (-6 + (-4 - -9)).
2
Calculate -4 + 7 - 3 - -1.
1
Evaluate -2 - (-2 + 1 - (-1 + -7)).
-9
What is (0 - -7 - 2) + 0 + 0?
5
(1 - (-3 + (-1 - -1))) + -5
-1
Evaluate (4 - 3 - 2) + 5.
4
Calculate (0 - (-3 + (-1 - -4))) + -2.
-2
What is the value of -1 + 2 + 3 + -4?
0
What is -4 + 0 - (-8 + 17 + -12)?
-1
What is (-1 - -2) + -4 + (-4 - -4)?
-3
What is the value of (-1 + (0 - 2) - -5) + -2?
0
(-1 - 0 - 5) + 1 + -2
-7
Calculate -2 + (12 + -3 - 4).
3
Calculate 2 + 2 + (1 - 6) - 3.
-4
Calculate (6 - 2) + 0 - (-1 - -8).
-3
5 - (3 + -6) - 3
5
(-6 - (-18 - -6)) + -5 + 7
8
What is the value of 1 - (0 - (5 - 9))?
-3
6 + -4 + (-9 - -1 - -1)
-5
What is (35 - 33) + (1 - 1)?
2
What is -6 - (5 + -10) - 0?
-1
Evaluate 4 + -6 + (1 - (10 - 3)).
-8
What is 3 + 3 + -8 + -1?
-3
What is (-5 - 0) + -1 + 1?
-5
What is the value of 6 + 5 + -8 - (-2 + 3)?
2
-22 + -3 + 12 - -19
6
-4 + (-4 - (-3 + -3)) + 2
0
What is (-2 - 3) + -2 + 0 + 2?
-5
Evaluate (3 - -10 - 7) + -9.
-3
Calculate 3 + (-13 - -7) + 17 + -7.
7
What is the value of -7 - (5 + -18 + -3)?
9
Calculate 1 - (4 - (-4 + 4)).
-3
3 - (-12 + 8) - 9
-2
What is the value of -1 - (4 + -6 + 5)?
-4
Calculate -2 + 1 + (-3 - (-3 - -8)).
-9
What is -2 + 0 + (-1 - (-3 - -4))?
-4
Evaluate -1 - (0 + (-1 - 1) + 0).
1
What is the value of -6 - (-10 + 1 + -1 + 5)?
-1
What is -3 + -3 + (9 - (10 + -4))?
-3
What is -2 + 3 - (5 - 5)?
1
What is the value of (-7 - -24 - (-2 + 4)) + -6?
9
Calculate (-7 - -11) + -11 + 2 + 1.
-4
What is the value of (7 - (-5 - -13)) + -3?
-4
What is the value of (-4 + (6 - 2) - -1) + -7?
-6
Calculate 6 - (7 + -3) - (2 - -1).
-1
Evaluate (3 - 1) + (5 - 6) + 5.
6
1 + -1 + (9 - 11)
-2
Evaluate -3 + 1 + (0 - (-10 + 5)).
3
Calculate -3 - ((4 - (1 - -5)) + -4).
3
What is -15 - -20 - (11 - 1)?
-5
Calculate -3 - -5 - (-5 + 6) - 1.
0
-9 - (-5 - 1) - -8
5
Calculate (-3 - 3 - (0 + -2)) + 2.
-2
-1 + -3 + -1 + 4 + 0
-1
What is 5 + 1 + 4 + -5?
5
Calculate 0 + 9 - (141 + -133).
1
What is the value of (9 - 2) + -4 + (-1 - 5)?
-3
Calculate 68 + -78 + 1 + 8.
-1
-26 - -33 - (1 - -3)
3
Calculate 6 + -9 - (-2 + 1 + -3).
1
5 - -3 - 17 - (-1 + -3)
-5
Calculate (4 - 6) + 0 + 10 + -4.
4
What is (-4 - -9) + 2 + 8 + -22?
-7
14 - 19 - (0 - 5)
0
What is the value of -4 - (-4 + -1 + 2)?
-1
Evaluate (-1 - 5) + 4 + 0.
-2
Calculate 9 - 9 - (1 - 8).
7
Calculate 0 - 4 - (-4 - 2) - 1.
1
What is the value of -42 + 56 + -1 + -7?
6
Evaluate (7 - -1) + (11 - 